er?
False
Is 620905 composite?
True
Is 220279 a prime number?
True
Is 261509 composite?
False
Is 31957 composite?
False
Is 20369 a prime number?
True
Is 186377 a prime number?
True
Is 15926 prime?
False
Is 10454 prime?
False
Is 56897 prime?
True
Is 1059 composite?
True
Is 956177 prime?
True
Is 3785 a prime number?
False
Is 2935 a prime number?
False
Is 287273 prime?
False
Is 504995 composite?
True
Is 251783 a composite number?
True
Is 77417 a composite number?
False
Is 1367 prime?
True
Is 65959 a composite number?
True
Is 299471 a prime number?
True
Is 1876181 a prime number?
True
Is 7229 a composite number?
False
Is 373517 a prime number?
True
Is 568847 composite?
True
Is 337 prime?
True
Is 5639 prime?
True
Is 2491 prime?
False
Is 5591 a prime number?
True
Is 19523 a prime number?
False
Is 15397 a prime number?
False
Is 4721 composite?
False
Is 431947 prime?
True
Is 25183 prime?
True
Is 437677 a composite number?
False
Is 141541 a prime number?
False
Is 1000303 a prime number?
True
Is 98407 prime?
True
Is 54469 a composite number?
False
Is 46993 a composite number?
False
Is 1350119 a prime number?
True
Is 51383 prime?
True
Is 1097 a composite number?
False
Is 10019 prime?
False
Is 73583 prime?
True
Is 3497 prime?
False
Is 6229 prime?
True
Is 1453337 a prime number?
True
Is 1543 a composite number?
False
Is 350347 prime?
True
Is 6173 a composite number?
False
Is 27173 a prime number?
False
Is 6059 a prime number?
False
Is 31289 prime?
False
Is 13207 a composite number?
True
Is 533573 composite?
False
Is 264053 a composite number?
False
Is 1337 a prime number?
False
Is 302482 a composite number?
True
Is 33457 composite?
False
Is 2014091 a prime number?
False
Is 6247 a composite number?
False
Is 916999 a composite number?
False
Is 1089113 prime?
True
Is 3547 a composite number?
False
Is 13259 a prime number?
True
Is 5818 a prime number?
False
Is 10729 prime?
True
Is 757 composite?
False
Is 147109 prime?
False
Is 14471 prime?
False
Is 158623 composite?
True
Is 738551 a prime number?
False
Is 3498303 composite?
True
Is 68171 prime?
True
Is 1531 prime?
True
Is 703497 composite?
True
Is 3343 composite?
False
Is 1045019 a prime number?
False
Is 2183 a composite number?
True
Is 4181 prime?
False
Is 68342 composite?
True
Is 109787 a prime number?
False
Is 59509 a prime number?
True
Is 58709 composite?
True
Is 198321 a composite number?
True
Is 409 composite?
False
Is 40759 prime?
True
Is 87211 prime?
True
Is 78719 a prime number?
False
Is 33227 prime?
False
Is 112447 prime?
False
Is 16787 composite?
False
Is 238291 a prime number?
True
Is 14635 prime?
False
Is 17517 a prime number?
False
Is 12373 a prime number?
True
Is 368383 a prime number?
False
Is 26333 prime?
False
Is 1174918 composite?
True
Is 440201 composite?
True
Is 10211 prime?
True
Is 667237 composite?
True
Is 8637 composite?
True
Is 117497 prime?
True
Is 4177 a composite number?
False
Is 17471 a composite number?
False
Is 108319 a composite number?
True
Is 46493 composite?
True
Is 7269 prime?
False
Is 7403 composite?
True
Is 664111 prime?
False
Is 18539 prime?
True
Is 679339 a prime number?
False
Is 990949 composite?
True
Is 5731 a prime number?
False
Is 5789 prime?
False
Is 5921 a prime number?
False
Is 101423 composite?
True
Is 13537 prime?
True
Is 4434439 a composite number?
True
Is 1921 a composite number?
True
Is 8563 composite?
False
Is 2839 composite?
True
Is 12473 a prime number?
True
Is 22397 prime?
True
Is 15089 prime?
False
Is 96443 composite?
False
Is 163067 a composite number?
True
Is 1125398 a prime number?
False
Is 657523 a prime number?
True
Is 123169 a composite number?
False
Is 58319 a composite number?
True
Is 445 composite?
True
Is 117773 a prime number?
True
Is 15119 prime?
False
Is 13379 composite?
True
Is 293 composite?
False
Is 61441 a prime number?
True
Is 592117 composite?
True
Is 2695397 prime?
False
Is 157787 a prime number?
False
Is 14359 a prime number?
False
Is 140482 composite?
True
Is 4765 a prime number?
False
Is 10937 a prime number?
True
Is 31091 a prime number?
True
Is 15661 composite?
False
Is 8147 prime?
True
Is 75913 a composite number?
False
Is 168167 composite?
True
Is 13381 a prime number?
True
Is 111029 a prime number?
True
Is 1104463 composite?
True
Is 400903 a composite number?
False
Is 2921 prime?
False
Is 140003 a prime number?
False
Is 4703 prime?
True
Is 194537 a composite number?
True
Is 36433 a prime number?
True
Is 71899 prime?
True
Is 5833 a composite number?
True
Is 104281 a prime number?
True
Is 1713043 composite?
False
Is 7493 a prime number?
False
Is 34019 a prime number?
True
Is 137567 prime?
True
Is 31991 prime?
True
Is 2053 composite?
False
Is 341879 prime?
True
Is 163133 a prime number?
False
Is 144717 a composite number?
True
Is 5129 a composite number?
True
Is 17779 composite?
True
Is 48067 prime?
False
Is 59207 prime?
True
Is 137635 a prime number?
False
Is 14987 composite?
True
Is 78401 a composite number?
False
Is 44753 composite?
False
Is 1649 prime?
False
Is 2921 a prime number?
False
Is 43201 a composite number?
False
Is 4507 a prime number?
True
Is 3011453 a prime number?
True
Is 4861 prime?
True
Is 7765249 composite?
False
Is 9617 composite?
True
Is 41863 composite?
False
Is 19837 a composite number?
True
Is 13829 a composite number?
False
Is 819101 prime?
True
Is 12713 a composite number?
False
Is 37667 a prime number?
False
Is 18301 composite?
False
Is 24713 a composite number?
True
Is 6121 a composite number?
False
Is 493 composite?
True
Is 4783 composite?
False
Is 34211 prime?
True
Is 3299 composite?
False
Is 7037 prime?
False
Is 15959 prime?
True
Is 546331 composite?
True
Is 1213 prime?
True
Is 473411 prime?
True
Is 136361 a prime number?
True
Is 20569 composite?
True
Is 55 a composite number?
True
Is 419 composite?
False
Is 2705 a composite number?
True
Is 1624757 composite?
False
Is 1422563 a prime number?
True
Is 93853 a prime number?
False
Is 12695 prime?
False
Is 6637 a composite number?
False
Is 3967 composite?
False
Is 9181 a prime number?
True
Is 65669 prime?
False
Is 24133 a prime number?
True
Is 28286 a prime number?
False
Is 620731 a composite number?
False
Is 298099 prime?
True
Is 13171 prime?
True
Is 7051 composite?
True
Is 114659 a composite number?
False
Is 80426 a prime number?
False
Is 46798 prime?
False
Is 184133 a prime number?
True
Is 127199 composite?
True
Is 886889 a prime number?
False
Is 73669 a prime number?
False
Is 31469 prime?
True
Is 96314 prime?
False
Is 791438 composite?
True
Is 621983 a prime number?
True
Is 3407 a prime number?
True
Is 169426 prime?
False
Is 70779 prime?
False
Is 2151521 a prime number?
True
Is 119 prime?
False
Is 29789 prime?
True
Is 242981 a prime number?
False
Is 203291 prime?
False
Is 797 prime?
True
Is 2339137 composite?
False
Is 9181 a composite number?
False
Is 71689 composite?
True
Is 18331 prime?
False
Is 31273 a prime number?
False
Is 149969 composite?
False
Is 431653 a prime number?
False
Is 6334 prime?
False
Is 6997 prime?
True
Is 27923 a composite number?
True
Is 33223 a composite number?
False
Is 13523 a composite number?
False
Is 97558 a composite number?
True
Is 13443 prime?
False
Is 14719 composite?
True
Is 493865 composite?
True
Is 33238 prime?
False
Is 85061 a composite number?
False
Is 48419 a composite number?
True
Is 27785 a composite number?
True
Is 44413 prime?
False
Is 40787 prime?
True
Is 30731 a prime number?
False
Is 3299 prime?
True
Is 26879 composite?
False
Is 8419 a composite number?
False
Is 211703 prime?
False
Is 118189 prime?
True
Is 8285 prime?
False
Is 24931 a composite number?
True
Is 102607 a composite number?
False
Is 1357 a composite number?
True
Is 198461 composite?
False
Is 67351 a prime number?
False
Is 25019 composite?
True
Is 10427 a prime number?
True
Is 10481 prime?
False
Is 9383 prime?
False
Is 35363 composite?
False
Is 59663 composite?
False
Is 147311 a prime number?
True
Is 49391 a prime number?
True
Is 28673 composite?
True
Is 720359 composite?
False
Is 47863 composite?
True
Is 5599 composite?
True
Is 14263 prime?
False
Is 39869 composite?
False
Is 4181 a prime number?
False
Is 128937 composite?
True
Is 51151 a prime number?
True
Is 6491 a composite number?
False
Is 49711 composite?
False
Is 20341 a prime numbe